6e (base 15) to base 9.
-7220425
-6939eb (base 15) to base 11
-2921877
-1224826 (base 11) to base 15
-2c0d60
Convert 357b3 (base 13) to base 12.
48865
What is 3855078 (base 9) in base 15?
2b82ab
2244242344 (base 5) to base 15
6a2a69
-437043 (base 9) to base 5
-31323041
What is 28733 (base 9) in base 5?
1111201
What is -177276 (base 13) in base 16?
-8f51a
-41903 (base 15) to base 2
-110010110000011111
What is -88481 (base 11) in base 3?
-20112001200
Convert -3032244 (base 5) to base 2.
-1011111110110010
Convert -68757c (base 16) to base 15.
-9035d0
What is -1123232234 (base 5) in base 4?
-21233312313
Convert -af8c6 (base 16) to base 2.
-10101111100011000110
Convert -26204064 (base 7) to base 14.
-4623a4
What is 122121210203 (base 4) in base 6?
404155135
123233 (base 13) to base 15
8900b
1543460 (base 9) to base 16
d0dc7
What is 100110111001 (base 2) in base 10?
2489
-52397 (base 13) to base 8
-440566
What is 11132 (base 10) in base 5?
324012
Convert -19eb2 (base 15) to base 2.
-10100100101011101
What is -10100010000011011110 (base 2) in base 11?
-413781
Convert -211313111 (base 5) to base 4.
-3120022132
1a073 (base 13) to base 16
c5c1
-20108 (base 12) to base 15
-c4ee
What is 2694070 (base 11) in base 9?
8661836
Convert -5536406 (base 7) to base 13.
-1ab3ca
Convert -50ed5e (base 15) to base 13.
-a4911a
Convert -28161b9 (base 12) to base 16.
-79fa9d
4dc939 (base 14) to base 5
1141413242
Convert -5415600 (base 7) to base 13.
-1a1483
What is 11220121110 (base 3) in base 8?
274640
Convert -1100110010100110001 (base 2) to base 3.
-210021221000
Convert -122203 (base 8) to base 12.
-20457
Convert 112532 (base 8) to base 13.
14531
-507073 (base 12) to base 14
-249bcb
Convert 30ba9b (base 13) to base 3.
2010220121012
10010001000111011001000 (base 2) to base 12
17139a0
Convert -3423432 (base 7) to base 10.
-426225
Convert -8c57 (base 15) to base 6.
-345514
Convert 3234861 (base 9) to base 6.
101111431
1023141 (base 5) to base 14
6436
Convert -1f254 (base 16) to base 10.
-127572
What is 3130344 (base 7) in base 12?
162300
What is -49bae (base 16) in base 13?
-a75c8
Convert dc2c (base 15) to base 14.
12dbb
What is 10101112212020 (base 3) in base 14?
34c9b4
31223230 (base 4) to base 5
3243134
-779849 (base 10) to base 11
-492a04
Convert 2107695 (base 12) to base 16.
5f1f11
3aa22e (base 15) to base 3
12022012102022
Convert -53dad1 (base 16) to base 5.
-2401324010
Convert -2a729 (base 16) to base 15.
-367b0
What is 11a6a5 (base 14) in base 8?
2235511
Convert 24320101 (base 5) to base 16.
38019
-4793a (base 12) to base 8
-274176
Convert -140520215 (base 7) to base 11.
-5188a71
-231031332 (base 5) to base 16
-fc47e
-217b566 (base 13) to base 6
-1003405222
3241101 (base 6) to base 4
213102331
What is 132213134 (base 6) in base 8?
12021222
What is 104230410 (base 5) in base 7?
3631026
Convert -343512 (base 8) to base 10.
-116554
Convert -10146743 (base 10) to base 12.
-3493b5b
Convert -111011110100001000110 (base 2) to base 4.
-13132201012
What is 2013d7 (base 14) in base 7?
12113160
Convert 43a85 (base 11) to base 16.
f974
-22102046 (base 9) to base 4
-220301231121
3b8a70 (base 13) to base 10
1447407
Convert -1811b4 (base 12) to base 4.
-1211233120
ccc0 (base 15) to base 11
2a657
Convert -200112210001 (base 3) to base 11.
-22a310
13e959 (base 15) to base 7
11110416
What is 133175 (base 8) in base 3?
2101002021
What is 51334010 (base 6) in base 13?
3c8151
Convert -229566 (base 10) to base 5.
-24321231
What is -25197 (base 11) in base 9?
-54542
-809b21 (base 13) to base 16
-2da783
What is -34aa7a6 (base 11) in base 9?
-12456422
What is 6108c (base 14) in base 2?
111000111110010100
Convert 14493a6 (base 14) to base 6.
551155450
What is -70b950 (base 12) in base 3?
-10022112021020
Convert 2220024043 (base 5) to base 6.
251504551
What is 3747553 (base 8) in base 3?
1221122022112
Convert -286737 (base 11) to base 13.
-128c66
1450505 (base 6) to base 5
10200200
Convert -1203411 (base 5) to base 8.
-53524
102220011020101 (base 3) to base 16
6074b3
What is 1013414341 (base 5) in base 6?
112500250
Convert -16317458 (base 9) to base 6.
-450525255
Convert -1001100120022 (base 4) to base 10.
-17106442
What is -476606 (base 8) in base 5?
-20210311
Convert -1010011101000010111 (base 2) to base 6.
-11201515
64389 (base 10) to base 3
10021022210
What is 12ba9 (base 13) in base 14?
ca49
-418131 (base 9) to base 6
-5155214
Convert 5a38a (base 11) to base 5.
10240401
440740 (base 8) to base 11
a1168
201431303 (base 5) to base 9
1466084
Convert -3258 (base 13) to base 2.
-1101101011010
What is -2a8618 (base 11) in base 6?
-14141441
What is -9335 (base 14) in base 12?
-127ab
What is -120321132 (base 4) in base 10?
-101982
-1456534 (base 7) to base 4
-300220222
What is -afc80e (base 16) in base 4?
-223330200032
-10032131230 (base 4) to base 16
-10e76c
-383c5 (base 15) to base 2
-101011111000010111
What is 111222220202220 (base 3) in base 5?
3401013201
What is -2201003 (base 7) in base 8?
-1015712
Convert -235301042 (base 6) to base 5.
-2120042030
-1000111101101100010011 (base 2) to base 12
-953a43
Convert 3669c4 (base 13) to base 2.
100111101011010001100
951275 (base 10) to base 5
220420100
What is 254418a (base 11) in base 2?
10000110101010001000100
Convert 124303 (base 6) to base 8.
26117
What is 627159 (base 10) in base 5?
130032114
Convert 244434334 (base 5) to base 11.
72aa55
What is 231322233 (base 4) in base 12?
90a13
What is 2211100002 (base 3) in base 6?
1105345
What is 16d6c (base 14) in base 15?
1209e
What is -31332313210 (base 4) in base 8?
-15766744
Convert 72319 (base 10) to base 11.
4a375
85d7d (base 14) to base 10
323707
Convert 13045d (base 15) to base 6.
31315154
What is 2130220103 (base 4) in base 10?
641555
What is 13244131 (base 5) in base 10?
134291
What is 20211122121 (base 3) in base 2?
100000110111010011
What is -925a0 (base 12) in base 2?
-101110100111001000
What is ad0e (base 15) in base 8?
107521
-105420261 (base 7) to base 6
-345414213
-3c7a9 (base 15) to base 7
-1435626
-4117440 (base 8) to base 9
-2040226
Convert -7c19 (base 14) to base 4.
-11101033
Convert 521323 (base 6) to base 2.
1010001101010011
9d220b (base 14) to base 9
11046843
Convert 320b16 (base 13) to base 8.
4362617
What is -65c8e2 (base 15) in base 9?
-10114475
Convert 5455809 (base 11) to base 5.
4423122341
Convert -11333413 (base 5) to base 9.
-170623
Convert 12120220212 (base 3) to base 13.
3b102
Convert -56731 (base 12) to base 2.
-11100000110010101
Convert -11001010000101010 (base 2) to base 3.
-12020221002
Convert -41d7a (base 16) to base 12.
-1100a2
-146277 (base 8) to base 2
-1100110010111111
Convert 58046 (base 11) to base 2.
10100011110111111
92988 (base 12) to base 6
4034252
17145171 (base 8) to base 12
1401675
What is 395b13 (base 12) in base 13?
270501
What is -12589a5 (base 11) in base 10?
-2178720
Convert -32035524 (base 7) to base 15.
-389723
Convert -3524511 (base 6) to base 15.
-39111
What is 20112110031 (base 4) in base 2?
1000010110010100001101
Convert 404043 (base 7) to base 13.
25314
-1530402 (base 6) to base 4
-111313202
Convert 6bcaa4 (base 13) to base 4.
21303132011
12224022 (base 6) to base 9
657075
What is 813654 (base 10) in base 7?
6626112
Convert 25bd30 (base 15) to base 8.
6723002
Convert -370b7 (base 12) to base 15.
-170cd
-1335463 (base 10) to base 5
-320213323
-1011210010120111 (base 3) to base 14
-235968b
What is 19ba19 (base 16) in base 8?
6335031
-105b57 (base 12) to base 4
-333100303
10502530 (base 6) to base 5
40210241
What is 2320223031 (base 5) in base 7?
62362401
Convert 2695a2 (base 14) to base 7.
14215162
-1135a58 (base 11) to base 6
-110311155
-3662170 (base 8) to base 15
-14dd5a
Convert 4433334 (base 5) to base 6.
1354024
What is 173148 (base 11) in base 5?
32031304
What is 1078520 (base 11) in base 4?
13030102023
1407307 (base 9) to base 2
10111100101101111110
What is 4016c1 (base 14) in base 9?
4044562
What is 78570a (base 16) in base 4?
132011130022
Convert 10a3463 (base 11) to base 3.
10121200012100
Convert -a6214 (base 14) to base 10.
-401034
Convert -5165959 (base 11) to base 2.
-100010110001001110001110
What is 83b1aa (base 13) in base 10?
3080503
What is -3406066 (base 7) in base 2?
-1100111000110001001
Convert 32320200 (base 4) to 